{"version":"1.0","provider_name":"AStA Uni Kiel","provider_url":"https:\/\/asta.uni-kiel.de\/en","author_name":"Mats Groth","author_url":"https:\/\/asta.uni-kiel.de\/en\/author\/web-admin\/","title":"Karin Prien h\u00e4lt an studierendenfeindlicher Verwaltungsgeb\u00fchr fest | AStA Uni Kiel","type":"rich","width":600,"height":338,"html":"<blockquote class=\"wp-embedded-content\" data-secret=\"AjgYY248kc\"><a href=\"https:\/\/asta.uni-kiel.de\/en\/karin-prien-haelt-an-studierendenfeindlicher-verwaltungsgebuehr-fest\/\">Karin Prien h\u00e4lt an studierendenfeindlicher Verwaltungsgeb\u00fchr fest<\/a><\/blockquote><iframe sandbox=\"allow-scripts\" security=\"restricted\" src=\"https:\/\/asta.uni-kiel.de\/en\/karin-prien-haelt-an-studierendenfeindlicher-verwaltungsgebuehr-fest\/embed\/#?secret=AjgYY248kc\" width=\"600\" height=\"338\" title=\"&#8220;Karin Prien h\u00e4lt an studierendenfeindlicher Verwaltungsgeb\u00fchr fest&#8221; &#8212; AStA Uni Kiel\" data-secret=\"AjgYY248kc\" frameborder=\"0\" marginwidth=\"0\" marginheight=\"0\" scrolling=\"no\" class=\"wp-embedded-content\"><\/iframe><script>\n\/*! This file is auto-generated *\/\n!function(d,l){\"use strict\";l.querySelector&&d.addEventListener&&\"undefined\"!=typeof URL&&(d.wp=d.wp||{},d.wp.receiveEmbedMessage||(d.wp.receiveEmbedMessage=function(e){var t=e.data;if((t||t.secret||t.message||t.value)&&!\/[^a-zA-Z0-9]\/.test(t.secret)){for(var s,r,n,a=l.querySelectorAll('iframe[data-secret=\"'+t.secret+'\"]'),o=l.querySelectorAll('blockquote[data-secret=\"'+t.secret+'\"]'),c=new RegExp(\"^https?:$\",\"i\"),i=0;i<o.length;i++)o[i].style.display=\"none\";for(i=0;i<a.length;i++)s=a[i],e.source===s.contentWindow&&(s.removeAttribute(\"style\"),\"height\"===t.message?(1e3<(r=parseInt(t.value,10))?r=1e3:~~r<200&&(r=200),s.height=r):\"link\"===t.message&&(r=new URL(s.getAttribute(\"src\")),n=new URL(t.value),c.test(n.protocol))&&n.host===r.host&&l.activeElement===s&&(d.top.location.href=t.value))}},d.addEventListener(\"message\",d.wp.receiveEmbedMessage,!1),l.addEventListener(\"DOMContentLoaded\",function(){for(var e,t,s=l.querySelectorAll(\"iframe.wp-embedded-content\"),r=0;r<s.length;r++)(t=(e=s[r]).getAttribute(\"data-secret\"))||(t=Math.random().toString(36).substring(2,12),e.src+=\"#?secret=\"+t,e.setAttribute(\"data-secret\",t)),e.contentWindow.postMessage({message:\"ready\",secret:t},\"*\")},!1)))}(window,document);\n\/\/# sourceURL=https:\/\/asta.uni-kiel.de\/wp-includes\/js\/wp-embed.min.js\n<\/script>","thumbnail_url":"https:\/\/asta.uni-kiel.de\/wp-content\/uploads\/2025\/01\/Bildungsministerin_Prien_Karin-scaled.jpg","thumbnail_width":2560,"thumbnail_height":1707,"description":"Trotz der erfolgreichen Demonstration von etwa 2.000 Studierenden am Donnerstag, den 16. Januar 2025 in Kiel und der vorherigen Demonstration in L\u00fcbeck, h\u00e4lt Bildungsministerin Karin Prien an der Einf\u00fchrung einer Verwaltungsgeb\u00fchr f\u00fcr Studierende fest. Die Demonstration sendete eine klare Botschaft an die Landesregierung und die Ministerin: Eine finanzielle Mehrbelastung der Studierenden, die \u00fcberdurchschnittlich h\u00e4ufig von Armut betroffen sind, ist nicht hinnehmbar."}

Karin Prien hält an studierendenfeindlicher Verwaltungsgebühr fest | AStA Uni Kiel

<blockquote class="wp-embedded-content" data-secret="AjgYY248kc"><a href="https://asta.uni-kiel.de/en/karin-prien-haelt-an-studierendenfeindlicher-verwaltungsgebuehr-fest/">Karin Prien hält an studierendenfeindlicher Verwaltungsgebühr fest</a></blockquote><iframe sandbox="allow-scripts" security="restricted" src="https://asta.uni-kiel.de/en/karin-prien-haelt-an-studierendenfeindlicher-verwaltungsgebuehr-fest/embed/#?secret=AjgYY248kc" width="600" height="338" title="&#8220;Karin Prien hält an studierendenfeindlicher Verwaltungsgebühr fest&#8221; &#8212; AStA Uni Kiel" data-secret="AjgYY248kc" frameborder="0" marginwidth="0" marginheight="0" scrolling="no" class="wp-embedded-content"></iframe><script>
/*! This file is auto-generated */
!function(d,l){"use strict";l.querySelector&&d.addEventListener&&"undefined"!=typeof URL&&(d.wp=d.wp||{},d.wp.receiveEmbedMessage||(d.wp.receiveEmbedMessage=function(e){var t=e.data;if((t||t.secret||t.message||t.value)&&!/[^a-zA-Z0-9]/.test(t.secret)){for(var s,r,n,a=l.querySelectorAll('iframe[data-secret="'+t.secret+'"]'),o=l.querySelectorAll('blockquote[data-secret="'+t.secret+'"]'),c=new RegExp("^https?:$","i"),i=0;i<o.length;i++)o[i].style.display="none";for(i=0;i<a.length;i++)s=a[i],e.source===s.contentWindow&&(s.removeAttribute("style"),"height"===t.message?(1e3<(r=parseInt(t.value,10))?r=1e3:~~r<200&&(r=200),s.height=r):"link"===t.message&&(r=new URL(s.getAttribute("src")),n=new URL(t.value),c.test(n.protocol))&&n.host===r.host&&l.activeElement===s&&(d.top.location.href=t.value))}},d.addEventListener("message",d.wp.receiveEmbedMessage,!1),l.addEventListener("DOMContentLoaded",function(){for(var e,t,s=l.querySelectorAll("iframe.wp-embedded-content"),r=0;r<s.length;r++)(t=(e=s[r]).getAttribute("data-secret"))||(t=Math.random().toString(36).substring(2,12),e.src+="#?secret="+t,e.setAttribute("data-secret",t)),e.contentWindow.postMessage({message:"ready",secret:t},"*")},!1)))}(window,document);
//# sourceURL=https://asta.uni-kiel.de/wp-includes/js/wp-embed.min.js
</script>

Trotz der erfolgreichen Demonstration von etwa 2.000 Studierenden am Donnerstag, den 16. Januar 2025 in Kiel und der vorherigen Demonstration in Lübeck, hält Bildungsministerin Karin Prien an der Einführung einer Verwaltungsgebühr für Studierende fest. Die Demonstration sendete eine klare Botschaft an die Landesregierung und die Ministerin: Eine finanzielle Mehrbelastung der Studierenden, die überdurchschnittlich häufig von Armut betroffen sind, ist nicht hinnehmbar.
