{"version":"1.0","provider_name":"AStA Uni Kiel","provider_url":"https:\/\/asta.uni-kiel.de\/en","author_name":"Mats Groth","author_url":"https:\/\/asta.uni-kiel.de\/en\/author\/web-admin\/","title":"\u00a0Der Campus ist kein Ort f\u00fcr Antisemitismus | AStA Uni Kiel","type":"rich","width":600,"height":338,"html":"<blockquote class=\"wp-embedded-content\" data-secret=\"J0yFxb71Tp\"><a href=\"https:\/\/asta.uni-kiel.de\/en\/der-campus-ist-kein-ort-fuer-antisemitismus\/\">\u00a0Der Campus ist kein Ort f\u00fcr Antisemitismus<\/a><\/blockquote><iframe sandbox=\"allow-scripts\" security=\"restricted\" src=\"https:\/\/asta.uni-kiel.de\/en\/der-campus-ist-kein-ort-fuer-antisemitismus\/embed\/#?secret=J0yFxb71Tp\" width=\"600\" height=\"338\" title=\"&#8220;\u00a0Der Campus ist kein Ort f\u00fcr Antisemitismus&#8221; &#8212; AStA Uni Kiel\" data-secret=\"J0yFxb71Tp\" frameborder=\"0\" marginwidth=\"0\" marginheight=\"0\" scrolling=\"no\" class=\"wp-embedded-content\"><\/iframe><script>\n\/*! This file is auto-generated *\/\n!function(d,l){\"use strict\";l.querySelector&&d.addEventListener&&\"undefined\"!=typeof URL&&(d.wp=d.wp||{},d.wp.receiveEmbedMessage||(d.wp.receiveEmbedMessage=function(e){var t=e.data;if((t||t.secret||t.message||t.value)&&!\/[^a-zA-Z0-9]\/.test(t.secret)){for(var s,r,n,a=l.querySelectorAll('iframe[data-secret=\"'+t.secret+'\"]'),o=l.querySelectorAll('blockquote[data-secret=\"'+t.secret+'\"]'),c=new RegExp(\"^https?:$\",\"i\"),i=0;i<o.length;i++)o[i].style.display=\"none\";for(i=0;i<a.length;i++)s=a[i],e.source===s.contentWindow&&(s.removeAttribute(\"style\"),\"height\"===t.message?(1e3<(r=parseInt(t.value,10))?r=1e3:~~r<200&&(r=200),s.height=r):\"link\"===t.message&&(r=new URL(s.getAttribute(\"src\")),n=new URL(t.value),c.test(n.protocol))&&n.host===r.host&&l.activeElement===s&&(d.top.location.href=t.value))}},d.addEventListener(\"message\",d.wp.receiveEmbedMessage,!1),l.addEventListener(\"DOMContentLoaded\",function(){for(var e,t,s=l.querySelectorAll(\"iframe.wp-embedded-content\"),r=0;r<s.length;r++)(t=(e=s[r]).getAttribute(\"data-secret\"))||(t=Math.random().toString(36).substring(2,12),e.src+=\"#?secret=\"+t,e.setAttribute(\"data-secret\",t)),e.contentWindow.postMessage({message:\"ready\",secret:t},\"*\")},!1)))}(window,document);\n\/\/# sourceURL=https:\/\/asta.uni-kiel.de\/wp-includes\/js\/wp-embed.min.js\n<\/script>","thumbnail_url":"https:\/\/asta.uni-kiel.de\/wp-content\/uploads\/2023\/11\/IMG_7478-scaled.jpg","thumbnail_width":2560,"thumbnail_height":1707,"description":"Gerade erst am 27. Januar fand der Gedenktag f\u00fcr die Opfer des Nationalsozialismus statt, gerade erst wurde an den dunkelsten Punkt der deutschen Geschichte erinnert \u2013 an eine Zeit, in der unterschiedliche Minderheiten verfolgt und get\u00f6tet wurden. Vor allem die j\u00fcdische Bev\u00f6lkerung musste um ihre Existenz und Sicherheit f\u00fcrchten. Diese Angst setzt sich gerade wieder fest, da auch heute noch antisemitische Vorf\u00e4lle immer wieder auftreten.\u00a0"}

Der Campus ist kein Ort für Antisemitismus | AStA Uni Kiel

<blockquote class="wp-embedded-content" data-secret="J0yFxb71Tp"><a href="https://asta.uni-kiel.de/en/der-campus-ist-kein-ort-fuer-antisemitismus/"> Der Campus ist kein Ort für Antisemitismus</a></blockquote><iframe sandbox="allow-scripts" security="restricted" src="https://asta.uni-kiel.de/en/der-campus-ist-kein-ort-fuer-antisemitismus/embed/#?secret=J0yFxb71Tp" width="600" height="338" title="&#8220; Der Campus ist kein Ort für Antisemitismus&#8221; &#8212; AStA Uni Kiel" data-secret="J0yFxb71Tp" frameborder="0" marginwidth="0" marginheight="0" scrolling="no" class="wp-embedded-content"></iframe><script>
/*! This file is auto-generated */
!function(d,l){"use strict";l.querySelector&&d.addEventListener&&"undefined"!=typeof URL&&(d.wp=d.wp||{},d.wp.receiveEmbedMessage||(d.wp.receiveEmbedMessage=function(e){var t=e.data;if((t||t.secret||t.message||t.value)&&!/[^a-zA-Z0-9]/.test(t.secret)){for(var s,r,n,a=l.querySelectorAll('iframe[data-secret="'+t.secret+'"]'),o=l.querySelectorAll('blockquote[data-secret="'+t.secret+'"]'),c=new RegExp("^https?:$","i"),i=0;i<o.length;i++)o[i].style.display="none";for(i=0;i<a.length;i++)s=a[i],e.source===s.contentWindow&&(s.removeAttribute("style"),"height"===t.message?(1e3<(r=parseInt(t.value,10))?r=1e3:~~r<200&&(r=200),s.height=r):"link"===t.message&&(r=new URL(s.getAttribute("src")),n=new URL(t.value),c.test(n.protocol))&&n.host===r.host&&l.activeElement===s&&(d.top.location.href=t.value))}},d.addEventListener("message",d.wp.receiveEmbedMessage,!1),l.addEventListener("DOMContentLoaded",function(){for(var e,t,s=l.querySelectorAll("iframe.wp-embedded-content"),r=0;r<s.length;r++)(t=(e=s[r]).getAttribute("data-secret"))||(t=Math.random().toString(36).substring(2,12),e.src+="#?secret="+t,e.setAttribute("data-secret",t)),e.contentWindow.postMessage({message:"ready",secret:t},"*")},!1)))}(window,document);
//# sourceURL=https://asta.uni-kiel.de/wp-includes/js/wp-embed.min.js
</script>

Gerade erst am 27. Januar fand der Gedenktag für die Opfer des Nationalsozialismus statt, gerade erst wurde an den dunkelsten Punkt der deutschen Geschichte erinnert – an eine Zeit, in der unterschiedliche Minderheiten verfolgt und getötet wurden. Vor allem die jüdische Bevölkerung musste um ihre Existenz und Sicherheit fürchten. Diese Angst setzt sich gerade wieder fest, da auch heute noch antisemitische Vorfälle immer wieder auftreten.
