{"version":"1.0","provider_name":"AStA Uni Kiel","provider_url":"https:\/\/asta.uni-kiel.de\/en","author_name":"Vorstand AStA CAU","author_url":"https:\/\/asta.uni-kiel.de\/en\/author\/vorstand\/","title":"Bildungsgerechtigkeit \u00fcber die Schulzeit hinaus sichern | AStA Uni Kiel","type":"rich","width":600,"height":338,"html":"<blockquote class=\"wp-embedded-content\" data-secret=\"TwiGBycXTw\"><a href=\"https:\/\/asta.uni-kiel.de\/en\/bildungsgerechtigkeit-ueber-die-schulzeit-hinaus-sichern\/\">Ensuring educational equity beyond school<\/a><\/blockquote><iframe sandbox=\"allow-scripts\" security=\"restricted\" src=\"https:\/\/asta.uni-kiel.de\/en\/bildungsgerechtigkeit-ueber-die-schulzeit-hinaus-sichern\/embed\/#?secret=TwiGBycXTw\" width=\"600\" height=\"338\" title=\"&#8220;Bildungsgerechtigkeit \u00fcber die Schulzeit hinaus sichern&#8221; &#8212; AStA Uni Kiel\" data-secret=\"TwiGBycXTw\" frameborder=\"0\" marginwidth=\"0\" marginheight=\"0\" scrolling=\"no\" class=\"wp-embedded-content\"><\/iframe><script>\n\/*! This file is auto-generated *\/\n!function(d,l){\"use strict\";l.querySelector&&d.addEventListener&&\"undefined\"!=typeof URL&&(d.wp=d.wp||{},d.wp.receiveEmbedMessage||(d.wp.receiveEmbedMessage=function(e){var t=e.data;if((t||t.secret||t.message||t.value)&&!\/[^a-zA-Z0-9]\/.test(t.secret)){for(var s,r,n,a=l.querySelectorAll('iframe[data-secret=\"'+t.secret+'\"]'),o=l.querySelectorAll('blockquote[data-secret=\"'+t.secret+'\"]'),c=new RegExp(\"^https?:$\",\"i\"),i=0;i<o.length;i++)o[i].style.display=\"none\";for(i=0;i<a.length;i++)s=a[i],e.source===s.contentWindow&&(s.removeAttribute(\"style\"),\"height\"===t.message?(1e3<(r=parseInt(t.value,10))?r=1e3:~~r<200&&(r=200),s.height=r):\"link\"===t.message&&(r=new URL(s.getAttribute(\"src\")),n=new URL(t.value),c.test(n.protocol))&&n.host===r.host&&l.activeElement===s&&(d.top.location.href=t.value))}},d.addEventListener(\"message\",d.wp.receiveEmbedMessage,!1),l.addEventListener(\"DOMContentLoaded\",function(){for(var e,t,s=l.querySelectorAll(\"iframe.wp-embedded-content\"),r=0;r<s.length;r++)(t=(e=s[r]).getAttribute(\"data-secret\"))||(t=Math.random().toString(36).substring(2,12),e.src+=\"#?secret=\"+t,e.setAttribute(\"data-secret\",t)),e.contentWindow.postMessage({message:\"ready\",secret:t},\"*\")},!1)))}(window,document);\n\/\/# sourceURL=https:\/\/asta.uni-kiel.de\/wp-includes\/js\/wp-embed.min.js\n<\/script>","thumbnail_url":"https:\/\/asta.uni-kiel.de\/wp-content\/uploads\/2023\/09\/pexels-pixabay-256491.jpg","thumbnail_width":1919,"thumbnail_height":1080,"description":"Mit dem offiziellen Semesterstart an der CAU Kiel werden jedes Jahr tausende junge Menschen auf ihrem akademischen Weg begr\u00fc\u00dft. F\u00fcr uns als Landessch\u00fcler:innensch\u00fclervertretung ist dieser Moment nicht nur ein feierlicher Auftakt, sondern auch Anlass f\u00fcr eine klare Forderung: Bildungsgerechtigkeit darf nicht mit dem Abitur enden. Schon w\u00e4hrend der Schulzeit k\u00e4mpfen viele Sch\u00fcler:innen mit finanziellen Belastungen. Dass diese mit dem \u00dcbergang an die Hochschule noch gr\u00f6\u00dfer werden, ist ein unhaltbarer Zustand. Verwaltungsgeb\u00fchren und andere H\u00fcrden k\u00f6nnen abschreckend wirken und gef\u00e4hrden den freien Zugang zu Bildung. Damit werden besonders diejenigen benachteiligt, die nicht aus finanzstarken Familien stammen."}

Bildungsgerechtigkeit über die Schulzeit hinaus sichern | AStA Uni Kiel

<blockquote class="wp-embedded-content" data-secret="TwiGBycXTw"><a href="https://asta.uni-kiel.de/en/bildungsgerechtigkeit-ueber-die-schulzeit-hinaus-sichern/">Ensuring educational equity beyond school</a></blockquote><iframe sandbox="allow-scripts" security="restricted" src="https://asta.uni-kiel.de/en/bildungsgerechtigkeit-ueber-die-schulzeit-hinaus-sichern/embed/#?secret=TwiGBycXTw" width="600" height="338" title="&#8220;Bildungsgerechtigkeit über die Schulzeit hinaus sichern&#8221; &#8212; AStA Uni Kiel" data-secret="TwiGBycXTw" frameborder="0" marginwidth="0" marginheight="0" scrolling="no" class="wp-embedded-content"></iframe><script>
/*! This file is auto-generated */
!function(d,l){"use strict";l.querySelector&&d.addEventListener&&"undefined"!=typeof URL&&(d.wp=d.wp||{},d.wp.receiveEmbedMessage||(d.wp.receiveEmbedMessage=function(e){var t=e.data;if((t||t.secret||t.message||t.value)&&!/[^a-zA-Z0-9]/.test(t.secret)){for(var s,r,n,a=l.querySelectorAll('iframe[data-secret="'+t.secret+'"]'),o=l.querySelectorAll('blockquote[data-secret="'+t.secret+'"]'),c=new RegExp("^https?:$","i"),i=0;i<o.length;i++)o[i].style.display="none";for(i=0;i<a.length;i++)s=a[i],e.source===s.contentWindow&&(s.removeAttribute("style"),"height"===t.message?(1e3<(r=parseInt(t.value,10))?r=1e3:~~r<200&&(r=200),s.height=r):"link"===t.message&&(r=new URL(s.getAttribute("src")),n=new URL(t.value),c.test(n.protocol))&&n.host===r.host&&l.activeElement===s&&(d.top.location.href=t.value))}},d.addEventListener("message",d.wp.receiveEmbedMessage,!1),l.addEventListener("DOMContentLoaded",function(){for(var e,t,s=l.querySelectorAll("iframe.wp-embedded-content"),r=0;r<s.length;r++)(t=(e=s[r]).getAttribute("data-secret"))||(t=Math.random().toString(36).substring(2,12),e.src+="#?secret="+t,e.setAttribute("data-secret",t)),e.contentWindow.postMessage({message:"ready",secret:t},"*")},!1)))}(window,document);
//# sourceURL=https://asta.uni-kiel.de/wp-includes/js/wp-embed.min.js
</script>

Mit dem offiziellen Semesterstart an der CAU Kiel werden jedes Jahr tausende junge Menschen auf ihrem akademischen Weg begrüßt. Für uns als Landesschüler:innenschülervertretung ist dieser Moment nicht nur ein feierlicher Auftakt, sondern auch Anlass für eine klare Forderung: Bildungsgerechtigkeit darf nicht mit dem Abitur enden. Schon während der Schulzeit kämpfen viele Schüler:innen mit finanziellen Belastungen. Dass diese mit dem Übergang an die Hochschule noch größer werden, ist ein unhaltbarer Zustand. Verwaltungsgebühren und andere Hürden können abschreckend wirken und gefährden den freien Zugang zu Bildung. Damit werden besonders diejenigen benachteiligt, die nicht aus finanzstarken Familien stammen.
